{"version":"1.0","provider_name":"NotiCozumel","provider_url":"https:\/\/noticozumel.mx\/1","author_name":"Victor Hernandez Luna","author_url":"https:\/\/noticozumel.mx\/1\/author\/victor-hernandez-luna\/","title":"Reinstalar\u00e1n la \u201cpuerta de los atardeceres\u201d en Cozumel","type":"rich","width":600,"height":338,"html":"<blockquote class=\"wp-embedded-content\" data-secret=\"nnVOrWs4Dl\"><a href=\"https:\/\/noticozumel.mx\/1\/reinstalaran-la-puerta-de-los-atardeceres-en-cozumel\/\">Reinstalar\u00e1n la \u201cpuerta de los atardeceres\u201d en Cozumel<\/a><\/blockquote><iframe sandbox=\"allow-scripts\" security=\"restricted\" src=\"https:\/\/noticozumel.mx\/1\/reinstalaran-la-puerta-de-los-atardeceres-en-cozumel\/embed\/#?secret=nnVOrWs4Dl\" width=\"600\" height=\"338\" title=\"\u00abReinstalar\u00e1n la \u201cpuerta de los atardeceres\u201d en Cozumel\u00bb \u2014 NotiCozumel\" data-secret=\"nnVOrWs4Dl\" frameborder=\"0\" marginwidth=\"0\" marginheight=\"0\" scrolling=\"no\" class=\"wp-embedded-content\"><\/iframe><script type=\"text\/javascript\">\n\/* <![CDATA[ *\/\n\/*! This file is auto-generated *\/\n!function(d,l){\"use strict\";l.querySelector&&d.addEventListener&&\"undefined\"!=typeof URL&&(d.wp=d.wp||{},d.wp.receiveEmbedMessage||(d.wp.receiveEmbedMessage=function(e){var t=e.data;if((t||t.secret||t.message||t.value)&&!\/[^a-zA-Z0-9]\/.test(t.secret)){for(var s,r,n,a=l.querySelectorAll('iframe[data-secret=\"'+t.secret+'\"]'),o=l.querySelectorAll('blockquote[data-secret=\"'+t.secret+'\"]'),c=new RegExp(\"^https?:$\",\"i\"),i=0;i<o.length;i++)o[i].style.display=\"none\";for(i=0;i<a.length;i++)s=a[i],e.source===s.contentWindow&&(s.removeAttribute(\"style\"),\"height\"===t.message?(1e3<(r=parseInt(t.value,10))?r=1e3:~~r<200&&(r=200),s.height=r):\"link\"===t.message&&(r=new URL(s.getAttribute(\"src\")),n=new URL(t.value),c.test(n.protocol))&&n.host===r.host&&l.activeElement===s&&(d.top.location.href=t.value))}},d.addEventListener(\"message\",d.wp.receiveEmbedMessage,!1),l.addEventListener(\"DOMContentLoaded\",function(){for(var e,t,s=l.querySelectorAll(\"iframe.wp-embedded-content\"),r=0;r<s.length;r++)(t=(e=s[r]).getAttribute(\"data-secret\"))||(t=Math.random().toString(36).substring(2,12),e.src+=\"#?secret=\"+t,e.setAttribute(\"data-secret\",t)),e.contentWindow.postMessage({message:\"ready\",secret:t},\"*\")},!1)))}(window,document);\n\/\/# sourceURL=https:\/\/noticozumel.mx\/1\/wp-includes\/js\/wp-embed.min.js\n\/* ]]> *\/\n<\/script>\n","thumbnail_url":"https:\/\/noticozumel.mx\/1\/wp-content\/uploads\/2026\/03\/9c981851-bdfd-48c6-b717-1c750a562cf4.jpg","thumbnail_width":1600,"thumbnail_height":900,"description":"Cozumel, Quintana Roo, 9 de marzo de 2026.- El director de Turismo en Cozumel, El\u00edas Farah Ceh, anunci\u00f3 que la ic\u00f3nica \u201cpuerta de los atardeceres\u201d ser\u00e1 reinstalada en la explanada de la bandera, luego de haber sido retirada durante las celebraciones del carnaval. El atractivo tur\u00edstico, que se ha convertido en un punto de encuentro [&hellip;]"}

Reinstalarán la “puerta de los atardeceres” en Cozumel

<blockquote class="wp-embedded-content" data-secret="nnVOrWs4Dl"><a href="https://noticozumel.mx/1/reinstalaran-la-puerta-de-los-atardeceres-en-cozumel/">Reinstalarán la “puerta de los atardeceres” en Cozumel</a></blockquote><iframe sandbox="allow-scripts" security="restricted" src="https://noticozumel.mx/1/reinstalaran-la-puerta-de-los-atardeceres-en-cozumel/embed/#?secret=nnVOrWs4Dl" width="600" height="338" title="«Reinstalarán la “puerta de los atardeceres” en Cozumel» — NotiCozumel" data-secret="nnVOrWs4Dl" frameborder="0" marginwidth="0" marginheight="0" scrolling="no" class="wp-embedded-content"></iframe><script type="text/javascript">
/* <![CDATA[ */
/*! This file is auto-generated */
!function(d,l){"use strict";l.querySelector&&d.addEventListener&&"undefined"!=typeof URL&&(d.wp=d.wp||{},d.wp.receiveEmbedMessage||(d.wp.receiveEmbedMessage=function(e){var t=e.data;if((t||t.secret||t.message||t.value)&&!/[^a-zA-Z0-9]/.test(t.secret)){for(var s,r,n,a=l.querySelectorAll('iframe[data-secret="'+t.secret+'"]'),o=l.querySelectorAll('blockquote[data-secret="'+t.secret+'"]'),c=new RegExp("^https?:$","i"),i=0;i<o.length;i++)o[i].style.display="none";for(i=0;i<a.length;i++)s=a[i],e.source===s.contentWindow&&(s.removeAttribute("style"),"height"===t.message?(1e3<(r=parseInt(t.value,10))?r=1e3:~~r<200&&(r=200),s.height=r):"link"===t.message&&(r=new URL(s.getAttribute("src")),n=new URL(t.value),c.test(n.protocol))&&n.host===r.host&&l.activeElement===s&&(d.top.location.href=t.value))}},d.addEventListener("message",d.wp.receiveEmbedMessage,!1),l.addEventListener("DOMContentLoaded",function(){for(var e,t,s=l.querySelectorAll("iframe.wp-embedded-content"),r=0;r<s.length;r++)(t=(e=s[r]).getAttribute("data-secret"))||(t=Math.random().toString(36).substring(2,12),e.src+="#?secret="+t,e.setAttribute("data-secret",t)),e.contentWindow.postMessage({message:"ready",secret:t},"*")},!1)))}(window,document);
//# sourceURL=https://noticozumel.mx/1/wp-includes/js/wp-embed.min.js
/* ]]> */
</script>

Cozumel, Quintana Roo, 9 de marzo de 2026.- El director de Turismo en Cozumel, Elías Farah Ceh, anunció que la icónica “puerta de los atardeceres” será reinstalada en la explanada de la bandera, luego de haber sido retirada durante las celebraciones del carnaval. El atractivo turístico, que se ha convertido en un punto de encuentro [&hellip;]
